 be the first derivative of -n**4/4 - n**3 - n**2 + n + 474. Give v(-3).
7
Let w(k) be the first derivative of k**3/3 - 5*k**2/2 + 3*k + 1. Let a(s) = -s**3 - 21*s**2 + 48*s + 52. Let m be a(-23). Calculate w(m).
9
Let u = -116 - -119. Let r(v) = -2 - v + 2 - 5 + u. Suppose 0 = -h + 5*y + 13, 2*h + 11 = -2*y + 1. Calculate r(h).
0
Let a(g) = g**3 + g**2 + 2*g - 1. Let r(b) = 7*b**3 + 4*b**2 + 10*b - 3. Let j(d) = -5*a(d) + r(d). Determine j(-2).
-18
Suppose -b - 14 = -5*q, -4*q = b - 12 - 1. Let h(f) = 6 - 5 - 8*f - q*f. Give h(1).
-10
Suppose -m - 5*m + 30 = 0. Suppose 0 = z - m + 10. Let b(g) = -g**3 - 6*g**2 - 7*g - 3. Calculate b(z).
7
Suppose -8 = 2*r - 5*v, -2*r = 2*r - 2*v. Let k be (2 - 3)/(r - 0). Let c(d) = 10*d**3 + d + 1. Give c(k).
-10
Let v(h) = -3*h + 5. Let x(w) = 7*w - 10. Let c(u) = 5*v(u) + 2*x(u). Suppose 0 = 3*i - 22*i + 76. Determine c(i).
1
Let z(a) = 201*a - 1 - 192*a - 2*a**2 + 0*a**2. Give z(6).
-19
Let f(i) = i - 3. Let s(k) = 4*k - 5. Let m(t) = -15*f(t) + 6*s(t). Determine m(-3).
-12
Let w(z) = -z**3 - 6*z**2 - 6*z + 10. Let y be w(-5). Suppose -5*h = l + y, -3*h - 2 = -2*l - 6. Let i(s) = s**3 + 5*s**2 - s - 2. Give i(l).
3
Suppose -4*q + y = 26, -3*q - 16 - 6 = -2*y. Let p(i) = i**2 + 6*i + 4. Let g be p(q). Let a(h) = -2*h. Calculate a(g).
-8
Let k(l) = l**2 - 7*l. Suppose 22 = 5*z + 2*y, 2*z + y - 9 = -0*y. Suppose 3*a - 28 = 5*j, z*a + 0*a - 4*j = 32. Calculate k(a).
-6
Suppose 4*s + 3*h + 63 = s, 4*h + 106 = -5*s. Let m = s - -23. Let v(d) be the third derivative of -d**6/30 - d**5/30 + d**3/6 - 4*d**2. Determine v(m).
-5
Suppose -60 = -32*g + 12*g. Let z(w) = 3*w**2 - 2*w - 4. Give z(g).
17
Let d(u) = -u**2 - 1. Let l be 2/(6*(-4)/(-12)). Let v(j) = 2*j**3 + 2*j**2 + j + 3. Let a(x) = l*v(x) + 3*d(x). Calculate a(1).
2
Let p(g) = g + 6. Let c(t) = 6*t**2 + 44*t + 4. Let s be c(-7). What is p(s)?
-4
Let u(z) be the first derivative of -z**5/120 - 7*z**4/24 - 2*z**3 + 10. Let a(o) be the third derivative of u(o). Determine a(5).
-12
Let k = 1 - 7. Let l(r) = 1 - 3 - 7*r - 41*r + 44*r - r**2. Determine l(k).
-14
Let o(z) = z**2 - 3*z + 2. Suppose 0 = -2*r - f - 66, 5*r + 68 + 100 = -f. Let n = -30 - r. Determine o(n).
6
Let l(z) = -46*z**2 + 2*z - 1. Let s(t) = t**3 + 8*t**2 + 10*t - 11. Let a be s(-6). Give l(a).
-45
Let j(u) = -6*u - 101. Let l(y) = -4*y - 66. Let i(q) = -5*j(q) + 8*l(q). Determine i(-14).
5
Let t be (-27)/36*(-4)/3. Let q(d) be the third derivative of -d**5/15 - d**4/24 + d**2. Determine q(t).
-5
Let z = 25 + -36. Let v = z - -13. Let b(l) = 4 + l - v - 11 + l**2. What is b(0)?
-9
Let c(w) = -w + 3. Let q be c(7). Let z(g) = -g**2 - g + 8. Let b be z(q). Let v(x) = x**3 + 3*x**2 - x - 3. Determine v(b).
-15
Let n(o) = 0 + 4*o**2 - 1 - 10*o**2. Let m(i) = 2*i + 1. Let p be m(2). Suppose 4*h = p*h + 1. Determine n(h).
-7
Suppose b - t + 2 = 0, -2*b + 49 - 33 = 3*t. Let a(s) = 8*s - 1. Give a(b).
15
Let q(y) be the first derivative of -6*y**2 + 2*y + 296. What is q(1)?
-10
Let z(d) = 35 + 55*d + 73*d - 127*d. What is z(-15)?
20
Let o(c) = -41*c + 128. Let y be o(3). Let m(w) be the third derivative of -w**5/60 + w**4/4 + 2*w**3/3 + w**2. What is m(y)?
9
Let l(v) = 4*v + v**2 + 0*v**2 + 2 + 3. Let z = 24 - 28. Determine l(z).
5
Let t(w) = 15 - 6*w + 3*w + 4*w - 5 - 5*w. Give t(8).
-22
Let x(l) be the second derivative of l**4/4 + 2*l**3/3 - 3*l**2/2 - 2*l + 209. What is x(3)?
36
Let y(s) = -s**3 + 5*s**2 - 4*s - 2. Suppose 22 = 3*g - 2*b, 9*g - 13*g + 3*b + 31 = 0. Calculate y(g).
-2
Let h(i) be the first derivative of i**3/3 + 5*i**2 + 10*i - 79. Calculate h(-9).
1
Suppose 0 = 5*m - 5, -4*o + 0*m + 87 = 3*m. Let q(v) = 22 + v + o - 27. Give q(-9).
7
Let y(q) be the third derivative of q**6/120 - q**5/15 - q**4/24 + q**3/6 + q**2 - 36. What is y(4)?
-3
Let j(r) = -4*r + 1. Suppose -467 = 8*i - 483. Calculate j(i).
-7
Let u(b) be the third derivative of 3*b**4/8 + b**3/3 + 64*b**2. Calculate u(-1).
-7
Let m(r) = r. Suppose c - 88 = -3*x, -2*x + 70 = -10*c + 5*c. Let t = x - 54. Let n = 27 + t. Give m(n).
3
Suppose 2*k + 6 - 12 = 0. Let b(x) = -x**2 + 5*x - 8*x - k + 6*x. Suppose 18 = 3*h + 3*f, 4*f = 3*h + 12 - 2. Determine b(h).
-1
Let u = 9 + 29. Let b(w) = 4 - 17*w - 20*w + u*w. What is b(3)?
7
Let z(c) be the third derivative of c**5/60 + c**4/12 + c**3/2 - 3*c**2. Suppose 180 + 15 = -65*v. Calculate z(v).
6
Suppose 3*t - 31 = 5*v, 24 - 9 = -3*v. Let c(x) = -4*x**t - x**3 + 0*x**2 - 2*x + 8*x**2. Let g(l) = l**2 - 93*l + 4. Let w be g(0). Determine c(w).
-8
Let y(m) = -13*m**3 + 7*m**2 - 5*m + 19. Let a = 1 + -7. Let o(r) = 7*r**3 - 3*r**2 + 2*r - 10. Let k(w) = a*y(w) - 11*o(w). Determine k(8).
-4
Suppose -6*c + 119 = -73. Let k = c - 36. Let l(i) = -i + 2. Give l(k).
6
Let g(h) be the first derivative of h**3/3 - 3*h**2/2 - 2*h - 82. Give g(3).
-2
Let d(t) = -14*t + 7*t + 9*t. Give d(-4).
-8
Suppose -i - i = -10. Suppose 0 = l - 2*g - g - 2, -3*g = -i*l + 10. Let h(u) be the second derivative of -u**4/6 + u**3/3 + u**2/2 - 1634*u. Determine h(l).
-3
Let l(o) = 2*o**3 + 3*o**2 - o - 1. Let h(n) = -n**3 - 2*n**2 + n + 1. Let s(r) = 5*h(r) + 3*l(r). Let t be ((-1)/(-1))/((-2)/4). What is s(t)?
-14
Let k be (117/26)/((-3)/(-6)). Let u(t) = -t**2 + 7*t + 4. Give u(k).
-14
Let h(z) = 3*z + 12. Let g = -2583 - -2570. Give h(g).
-27
Let l(z) = z - 3. Let c = 38 - 38. Suppose -3*a + 2*a = c. Give l(a).
-3
Let z(b) = 4*b + 7 - 3*b - 3 - 2*b - 9. Let u(p) = -p**3 + p**2. Let t(x) = -2*x**3 + 7*x**2 - 4*x + 2. Let a(o) = t(o) - 3*u(o). Let j be a(-5). Give z(j).
-2
Let v(z) = -5*z**3 + 10*z**2 - 14*z - 5. Let n(f) = f**3 - f**2 + 2*f. Let j(a) = -6*n(a) - v(a). What is j(-5)?
20
Let l be (3/1)/(30/40). Let n(u) = u**2 - u. Let f(g) = -3*g**2 - 2*g + 1. Let y(r) = -f(r) - 4*n(r). What is y(l)?
7
Let v(g) be the third derivative of -g**5/60 + g**4/8 + 2*g**3/3 + 12*g**2 - 18. Give v(7).
-24
Let h be -2*(-2)/6*-6. Let n(d) be the first derivative of d**4/6 + 2*d**3/3 - d**2/2 - 12*d - 9. Let r(f) be the first derivative of n(f). Give r(h).
15
Let y(c) = c + c**2 + 7 - 21*c + 24*c + 3*c. What is y(-8)?
15
Suppose -3*i - 66 = 3*i. Let c be 106/(-18) - ((-33)/27)/i. Let w(y) be the second derivative of y**5/20 + 5*y**4/12 - y**3 - 4*y**2 + y. Give w(c).
-8
Let x(n) = n**3 + 5*n**2 + 4*n - 4. Let i(v) be the third derivative of -v**5/15 + 13*v**4/8 + v**3 - 33*v**2. Let q be i(10). Give x(q).
-4
Let f(h) = 1 - 11 + 0 + h**2 - 3 - 4*h. Determine f(7).
8
Suppose 2*o + o - 15 = 0. Let c(h) = 7*h**3 - 6*h**3 - 6*h**2 - 27*h + 33*h + 1. Calculate c(o).
6
Let i(j) = j**2 - j + 1. Let p(u) = u**3 - 9*u**2 + 4*u - 6. Let g(t) = 3*i(t) + p(t). Give g(5).
-23
Let h be 3*(-1)/(6/(-8)). Suppose -15*l - 12 = -42. Let q(y) = 0*y**l + 1 + 3*y**2 + 2*y - h*y**2 + 0*y. What is q(2)?
1
Let q(m) = 4*m**2 + 4*m + 8. Let o be q(-7). Let t be (-7)/((-28)/o) + 0. Let k(v) = -3 - 4*v + 42*v**3 - 5*v**2 + t*v**3 - 87*v**3 - 1. What is k(-4)?
-4
Let c(t) be the second derivative of t**4/12 + t**3/6 + 2*t**2 - 4*t. Let f be c(0). Let y(a) = -a - 3*a + 5*a - f - 4*a. Determine y(-3).
5
Let m(x) = 9*x. Let a(p) = -57*p + 105. Let r(k) = a(k) + 6*m(k). Give r(33).
6
Let h = 172 - 174. Let l(f) = 6*f - 1. What is l(h)?
-13
Let j(g) be the third derivative of 1/120*g**6 - 1/12*g**5 - 1/3*g**3 + 0 - 10*g**2 + 0*g + 5/24*g**4. Calculate j(3).
-5
Suppose 0 = w + 4*w + 5. Let y(k) = -17*k - 4. Let q(v) = 33*v + 9. Let c(a) = 3*q(a) + 7*y(a). Give c(w).
19
Let z(x) = -x**3 - 11*x**2 - x - 7. Let v be z(-11). Let k = -1 - 2. Let p(r) = -6*r - 2. Let a(u) = -5*u - 1. Let y(s) = k*a(s) + 2*p(s). Calculate y(v).
11
Let z(v) = -68*v + 214. Let g be z(3). Let r(a) = -2*a + 7. What is r(g)?
-13
Let h(y) be the first derivative of 9*y**2/2 + y - 1. Let x(t) = 66 - 2*t - 3*t - 67. Let u(l) = 6*h(l) + 11*x(l). Calculate u(0).
-5
Let i(u) = -9*u**3 + 3*u**2 - 1. Let t(d) = 17*d**3 - 7*d**2 + d + 3. Let s(f) = 5*i(f) + 2*t(f). What is s(-1)?
11
Let h(b) be the first derivative of -b**4/4 + 3*b**3 + b**2 - b + 586. Determine h(9).
17
Let y(b) = -4*b + 4. Suppose 0 = -2*h, 4*v + 11 = -2*h + 39. Let p(w) = w**2 - 7*w + 4. Let g be p(v). Let a be (6/(-4))/((-2)/g). What is y(a)?
-8
Let q(f) = f**3 + f**2 - f - 2. Suppose -2*t = 3*t. Let l be q(t). Let k(i)